3 + 44)).
23
Evaluate 21 + 3 - (-1 - (26 - 72)).
-21
34 - 0 - (-3669 + 3703)
0
What is the value of 13 + -9 + 0 + 40 - (-25 - -36)?
33
Evaluate 1 + 4 + -1 - (61 - (103 + -81)).
-35
Calculate 245 + -140 + -78 - (1 - 14).
40
What is (31 + 2 - (-215 - -212)) + -130?
-94
Evaluate 8 + 0 + -12 - -5 - -1.
2
What is the value of -10 + (-1 - -10 - -11 - 10) + 42?
42
Calculate (156 + -81 - 79) + (-4 - (-1 + 2)).
-9
What is the value of (-553 - -623) + -1 + -101?
-32
Evaluate -8 + 5 + 7 - (1 - -20).
-17
What is 11 + -2 + -26 + (15 - 31)?
-33
-94 + 37 + 58 - 64
-63
Evaluate -248 + 293 + 2 + -61.
-14
Calculate -12704 - -12599 - (0 - 126).
21
22 + -3 + -77 + 28
-30
Calculate 115 - (224 + (-141 - -6)).
26
What is -147 - -155 - (-3 + 1) - (-2 + 2)?
10
What is the value of (-28 - (17 + -36 + -34)) + 58?
83
-32 - (-85 - (8 + -53))
8
What is the value of (-2 - -43) + (123 - 111) + -35?
18
What is -1 - (-38 + 15 + 27) - (-1 - 73)?
69
Evaluate -43 - -32 - (0 + -34) - (-9 + 91).
-59
Calculate 0 + 67 + (1560 - 1594).
33
What is 9 - (12 - 6) - 5 - -4 - (2 - 8)?
8
Calculate 9 + 1 + 2 + 31 + (-45 - -4).
2
-35 + (43 - 49) + -26
-67
15 + 2 + -1 - (-40 - (-88 + 41 + 1))
10
What is -6 + -2 + 1 + -10 - 5?
-22
What is the value of -61 + 11 + (-66 - -48) + (6 - (5 - 5))?
-62
What is (-26 - -35) + (61 - -1) + 19 + -2?
88
Calculate 135 - 46 - (13 - -24).
52
Calculate -19 + (6 - (-11 + 23 - 21 - -10)).
-14
What is the value of 1 + -15 + -4 + -1 + (-119 - -156)?
18
What is 5 + 4 + 116 - (-20 - -32 - -10)?
103
What is the value of 9 + 5 - 9 - 10 - 8 - (-66 - 14)?
67
Evaluate (89 - -1) + (4439 - 4564).
-35
Evaluate (52 - -88) + -49 - 12.
79
Evaluate -8 + (0 + (-3 - 4) - (17 - 19)) + -91.
-104
-15 + 27 + -9 + 8 + -153
-142
Evaluate (-3 - -1) + 12 + (-4 - (94 - 140)).
52
(2 - -62) + 7 - (-48 + 8)
111
Evaluate 40 + -13 + -28 + 6.
5
What is -9 + (15 - (11 + (8 - (-5 + 5))))?
-13
Evaluate 70 + -1 - (1 + 10 + (-5 - 1) + -17).
81
Calculate 5 - 44 - (-7 + 1 + 8 + -2).
-39
What is (31 - (-20 + (38 - 4))) + -2?
15
Evaluate -4 + (1 - 9) + (109 - 128 - (11 - 0)).
-42
What is the value of -15 + 26 + -3 - (4 + 6 + -98 + -5)?
101
Calculate 41 + (-61 - -6) - (-62 - 1).
49
Calculate -10 + 5 - -17 - (-23 + -7).
42
What is the value of (-132 - -66) + 3 - (-12 - 7)?
-44
Evaluate -89 + (-1 - (15 + (-2 - -3) - 7 - 16)).
-83
What is the value of (-8 + -2 - -8) + -1 + 12 + (-10 - 2)?
-3
What is the value of -382 - -356 - (7 - -3 - 1)?
-35
(-3 - (1 - 1 - 2)) + (-13700 - -13581)
-120
5 + -14 + (-3 - 1) + (6 - 20) + 6
-21
What is (-1 - 52) + 1982 + -1948?
-19
What is (60 + -141 - -170) + -177?
-88
79 - (-58 - 19) - (-1 - (-6 + 2)) - 2
151
What is the value of -26 - -17 - 94 - (3 + (-12 - 0))?
-94
What is -36 - (-15 - (-18 + 44))?
5
(-23 - 22) + (3 - -8 - (-2 - -14))
-46
What is (108 - (37 - -25)) + -1 + 13?
58
Calculate 19 - (22 + -1 + 264 + -235).
-31
Evaluate (-13 - -2) + (210 - 178) + -14 - (2 - 90).
95
What is -1 + 23 + -4 + 35 + (-21 - -26)?
58
Evaluate 7 + 1 + (-38 - (16 + -19) - -18 - -49).
40
What is (-233 - -6) + (-244 - -371)?
-100
-7 + (-3 - -27 - 29 - (2 + -63 + -4))
53
Calculate (15 + -48 - 36 - 3) + 9.
-63
What is the value of 8 - -9 - (-58 + (-25 - -20) + -16)?
96
Evaluate (12 - (27 - (3 - -14))) + -20.
-18
What is -21 - (1 + -15 + (223 - 217) + 10 + 3)?
-26
What is (0 + -27 - 6) + -33 + 52?
-14
Calculate 10 - (-392 - -393 - (1 - -13)).
23
What is the value of 102 + -3 + 1 - (3 - (52 + 44 + -89))?
104
What is the value of -25 + (-2 - -3 - 13 - (-13 + (7 - 2)))?
-29
Calculate -40 + -14 + 59 + (-4 - 1) + 3.
3
What is the value of (14 - 21) + (15 - 2 - 47) + (15 - 4)?
-30
What is the value of (-89 - 0 - (-1 - 2)) + 1205 + -1197?
-78
What is (11553 - 11559) + -1 + (27 - (0 - 0))?
20
Calculate 19 - (-83 + (24 - -76)).
2
What is the value of -9 + 14 + -9 + 15 - (12 + 10)?
-11
What is the value of 15 - 64 - (98 + -114)?
-33
What is the value of -2857 + 2820 - ((0 - 1) + -12 + 0)?
-24
What is the value of (-19 - -101) + 41 + -74 + 55?
104
-104 + -46 + 36 + (-3 - -20) + 4
-93
Calculate 131 - (76 - -125) - (4 + -44).
-30
What is -4 - ((-1 - -82 - 26 - 25) + 7 + 1)?
-42
What is -56 + 166 + -25 - 122?
-37
What is (6 - (7 + 7) - 0) + 127 + 17 + -8?
128
What is the value of -5 + 27 + 11 + -74 - (3 - 10)?
-34
Evaluate -156 + 24 + 79 + (19 - -1).
-33
-73 - (27 - (-27 + 24)) - -20
-83
Evaluate -8 + 4 - (-18 + (-37 - -16)).
35
What is 29 + 9 + (-7 + -4 - (20 - 30))?
37
Calculate 194 + -205 - (1 - 6) - (19 + 3 + -7).
-21
What is the value of -76 + -30 - ((-6 - (-4 - -3)) + -12)?
-89
-33 - (-52 - (129 - 42))
106
What is the value of (-2 + 1 - 106) + (-23 - ((-93 - -37) + 25))?
-99
Evaluate -2108 - -1981 - (2 - 109).
-20
What is the value of (12 - 19) + (39 + -8 + 7 - -7)?
38
Calculate 2 + -52 + 42 - 12.
-20
What is the value of -6 + -4 + 67 + -48 - 5?
4
Evaluate -16 - (12 - (67 - 15)) - 0.
24
Calculate 36 + (29 - 70 - 1) + 0 + -26.
-32
What is the value of -40 - ((-57 - -13 - -36) + 6 + 0) - 4?
-42
-4 - (4 + 1) - (25 + -43 + 94)
-85
Calculate (0 - -2) + -28 + (110 + 115 - 228).
-29
-33 + (-21 - (-28 - 84)) + -19
39
Evaluate 18 - (47 + -14 + -65).
50
Evaluate 3 - (40 + (-20 + 1 - -2) - -9).
-29
Evaluate (-38 - -13 - -15 - 11) + 100.
79
Evaluate -44 - (-35 - -100 - 41).
-68
What is 8 + (50 - (64 + -25 + -24))?
43
Calculate -28 - ((4 - (41 + -37)) + -124).
96
What is 10 - (-9 + (-8 - (-4 + -11))) - 18?
-6
Calculate -41 + (15 - ((32 - 51) + -84)).
77
Evaluate -14 - 34 - (-8 - (-3 + 8 + 8)).
-27
Calculate (-4 - -73) + -29 + 9 + -20 + 45.
74
Evaluate (34 - 31 - (1 + 4 - 9)) + 14.
21
What is -54 + (80 - -7) + -136?
-103
4 + -11 + 3 - (64 + -64 - (-2 - 39))
-45
59 + (-339 - -319) + (6 - 1)
44
What is -5 + (-173 - -136 - (-11 + 0))?
-31
Evaluate -18 + -73 + (31 - (9 - 14)).
-55
What is (36 - (20 - 44)) + (0 - 19)?
41
Evaluate (24 - 9) + -38 - -36 - 50.
-37
What is (-13 - (-10 - -14) - -5) + (34 - 8) + -28?
-14
21 + -95 - -8 - (-7 + -3 + (-2 - -3))
-57
5843 + -5966 - (-67 - 0)
-56
What is (-1 - -8) + 3 + 30 + -85?
-45
What is the value of (-191 + 217 - (-7 - -36)) + 3 + (102 - -3)?
105
What is -87 - -93 - 9 - (-51 + 2)?
46
Calculate 1 + -32 - (24 + -39 + 10 + 16 + 1).
-43
-118 - (-53 - -20) - -57
-28
Calculate -17 + 37 + (-13 - 3) + (-86 - -2) - -11.
-69
Calculate ((21 - 6) + -41 - -14) + -26.
-38
15 - (-1 - -128 - 76)
-36
Calculate (12 - 4) + -3 + (12 - 10) - (80 - 66).
-7
What is -6 + (1 - 0) - (-68 - 3 - -61) - -16?
21
What is the value of 23 + -71 + 2 + 107?
61
Evaluate 142 + (-125 - -120) + (-41 - 1).
95
39 - (17 + -36 + 74)
-16
Evaluate (64 - ((-42 - -17) + 5)) + -5 + -1.
78
Calculate 2 + -4 + (1 - 29) + -21154 + 21171.
-13
98 + -43 + -38 - 7
10
What is (10 + (11 - 7) + -14 - 3) + -28?
-31
What is -74 + 40 + (17 - 25 - (1 + -3))?
-40
What is the value of 42 - ((62 - -52) + -83)?
11
Calculate (-7 - 1) + (11 - (19 + 6) - (-41 - -49)).
-30
Calculate (-69 - (89 - 87)) + 12.
-59
Evaluate -24 + 13 - ((3 - 16 - (111 + 0)) + -14).
127
Evaluate (-14 + 79 - 8) + (0 - -3).
60
Evaluate (25 - -3) + (-316 - -310) - (-14 - -44).
-8
What is the value of -59 + (18 + 4 - (0 - -5))?
-42
What is the value of -29 + 13 + 2 + -2 + 1 + -7?
-22
What is the value of (-52 - -27 - -32) + 20 - -49?
76
Calculate -109 + (-8 - (70 - 106)).
-81
6 + -10 + 1 + (-3 - (-5 + 0)) + -56
-57
-3 + -39 - ((-41 - 124) + 188)
-65
Calculate 8 + (-58 + 5 + -14 + 16 - 13).
-56
What is -3 + (-4 + 2 - -11) + (-577 - -558)?
-13
What is 24 + -31 - (8 + -6 + -3)?
-6
-58 - (4 - (8 + 0 + 3) - (-30 - -31))
-50
What is (8 + 7 - 53) + 29 + (0 - 51)?
-60
Calculate 202 + (84 - 50) + -114.
122
(0 - (0 + -26)) + -21 - (-45 - (-1 - 1))
48
What is the value of 4735 + -4678 + -71 + -1?
-15
What is 1712 + -1735 + (-3 - -8)?
-18
Evaluate (12 - (-8 - -2) - 6) + (-8 - -2 - -54).
60
121 - (-6 + 1 - ((47 - 63) + (2 - 3)))
109
Calculate 203 - ((56 - -48) + 30).
69
82 + -82 + 89 - 27
62
(-16 - -5) + 15 + -32 + 5
-23
What is (3 + -34 + 10 - -8) + 10 - -64?
61
Evaluate -85 + 60 + -48 + 156.
83
Calculate 4 + (-30 - 12) - 19.
-57
1036 + -1092 - (24 - (0 + 4))
-76
Calculate -37 - ((-28 - -32) + 52 + -42).
-51
90 + 1 + (1386 - 1443)
34
Evaluate -20 + (28 - 16) + (-5 - 4) + 0.
-17
Calculate 55 + (8 - -10 - (28 - -2)).
43
What is 122 + -110 - (-3 + (-6 - -1))?
20
Evaluate (-19 - 8 - -34 - 13